s the units digit of 27236?
6
What is the hundred thousands digit of 358621?
3
What is the units digit of 148349?
9
What is the tens digit of 327944?
4
What is the thousands digit of 1093488?
3
What is the units digit of 1140323?
3
What is the hundred thousands digit of 2349316?
3
What is the ten thousands digit of 1907795?
0
What is the ten thousands digit of 1875528?
7
What is the hundreds digit of 2327162?
1
What is the hundreds digit of 4753783?
7
What is the hundreds digit of 4919603?
6
What is the millions digit of 1007042?
1
What is the units digit of 607522?
2
What is the hundreds digit of 156470?
4
What is the units digit of 583809?
9
What is the tens digit of 1730810?
1
What is the tens digit of 307330?
3
What is the tens digit of 11223685?
8
What is the units digit of 9751?
1
What is the hundred thousands digit of 10599095?
5
What is the units digit of 4579082?
2
What is the hundreds digit of 1895328?
3
What is the units digit of 226570?
0
What is the ten thousands digit of 11553?
1
What is the ten thousands digit of 11255070?
5
What is the hundred thousands digit of 17713280?
7
What is the units digit of 385873?
3
What is the hundreds digit of 593250?
2
What is the ten thousands digit of 280509?
8
What is the thousands digit of 631030?
1
What is the ten thousands digit of 162852?
6
What is the tens digit of 3293094?
9
What is the hundred thousands digit of 11368868?
3
What is the tens digit of 1002076?
7
What is the units digit of 391605?
5
What is the units digit of 9068336?
6
What is the hundred thousands digit of 6254322?
2
What is the units digit of 156501?
1
What is the units digit of 420730?
0
What is the tens digit of 171293?
9
What is the tens digit of 276447?
4
What is the units digit of 158011?
1
What is the thousands digit of 3738121?
8
What is the tens digit of 18678058?
5
What is the units digit of 170011?
1
What is the hundred thousands digit of 33253669?
2
What is the hundred thousands digit of 376891?
3
What is the ten thousands digit of 208210?
0
What is the ten thousands digit of 147930?
4
What is the hundred thousands digit of 524790?
5
What is the hundred thousands digit of 250309?
2
What is the hundred thousands digit of 1650474?
6
What is the units digit of 911389?
9
What is the ten thousands digit of 595277?
9
What is the units digit of 714584?
4
What is the units digit of 8008839?
9
What is the ten millions digit of 37359940?
3
What is the thousands digit of 22972?
2
What is the units digit of 35350?
0
What is the tens digit of 186760?
6
What is the units digit of 5419930?
0
What is the thousands digit of 3778016?
8
What is the units digit of 4113641?
1
What is the thousands digit of 526082?
6
What is the thousands digit of 137972?
7
What is the units digit of 113441?
1
What is the hundreds digit of 440468?
4
What is the ten thousands digit of 2868494?
6
What is the thousands digit of 813427?
3
What is the millions digit of 1150412?
1
What is the thousands digit of 845683?
5
What is the millions digit of 1691370?
1
What is the hundred thousands digit of 2484891?
4
What is the ten thousands digit of 10360061?
6
What is the units digit of 123594?
4
What is the ten thousands digit of 32519115?
1
What is the tens digit of 12449402?
0
What is the units digit of 551199?
9
What is the thousands digit of 138469?
8
What is the millions digit of 4048489?
4
What is the tens digit of 1290269?
6
What is the thousands digit of 12777338?
7
What is the thousands digit of 422341?
2
What is the millions digit of 9822625?
9
What is the ten thousands digit of 995929?
9
What is the thousands digit of 641963?
1
What is the hundreds digit of 351415?
4
What is the millions digit of 24809518?
4
What is the millions digit of 1437359?
1
What is the hundred thousands digit of 1120959?
1
What is the units digit of 79154?
4
What is the tens digit of 2115500?
0
What is the tens digit of 8651760?
6
What is the ten thousands digit of 2603781?
0
What is the thousands digit of 269340?
9
What is the ten thousands digit of 13680198?
8
What is the ten thousands digit of 2031309?
3
What is the tens digit of 499462?
6
What is the thousands digit of 271525?
1
What is the tens digit of 3114216?
1
What is the hundred thousands digit of 11367398?
3
What is the tens digit of 567440?
4
What is the units digit of 2368100?
0
What is the tens digit of 2968786?
8
What is the ten millions digit of 13232076?
1
What is the ten thousands digit of 17566903?
6
What is the hundreds digit of 27934615?
6
What is the tens digit of 801604?
0
What is the hundred thousands digit of 1149300?
1
What is the tens digit of 17168?
6
What is the units digit of 2423522?
2
What is the ten thousands digit of 11232343?
3
What is the thousands digit of 199478?
9
What is the hundred thousands digit of 1142292?
1
What is the units digit of 13483570?
0
What is the millions digit of 1736819?
1
What is the hundreds digit of 362085?
0
What is the hundreds digit of 487532?
5
What is the tens digit of 1174592?
9
What is the thousands digit of 16874876?
4
What is the units digit of 10512920?
0
What is the hundreds digit of 4292122?
1
What is the units digit of 184522?
2
What is the millions digit of 7310855?
7
What is the hundreds digit of 1842962?
9
What is the hundred thousands digit of 1077928?
0
What is the thousands digit of 289968?
9
What is the ten thousands digit of 234611?
3
What is the millions digit of 1029464?
1
What is the tens digit of 3623788?
8
What is the units digit of 21581627?
7
What is the tens digit of 30181021?
2
What is the ten thousands digit of 4534419?
3
What is the hundred thousands digit of 414423?
4
What is the thousands digit of 4615290?
5
What is the hundred thousands digit of 7199561?
1
What is the hundred thousands digit of 932787?
9
What is the tens digit of 893401?
0
What is the hundred thousands digit of 1339342?
3
What is the units digit of 56552?
2
What is the hundred thousands digit of 327082?
3
What is the hundred thousands digit of 8305047?
3
What is the tens digit of 306206?
0
What is the thousands digit of 430450?
0
What is the thousands digit of 469597?
9
What is the units digit of 80993?
3
What is the units digit of 1870182?
2
What is the hundreds digit of 236177?
1
What is the hundreds digit of 317837?
8
What is the hundred thousands digit of 1075010?
0
What is the units digit of 64320?
0
What is the hundreds digit of 69918?
9
What is the tens digit of 29678?
7
What is the ten thousands digit of 2543370?
4
What is the hundreds digit of 1350951?
9
What is the millions digit of 1318823?
1
What is the ten thousands digit of 197390?
9
What is the ten thousands digit of 315711?
1
What is the units digit of 2975087?
7
What is the tens digit of 680637?
3
What is the hundred thousands digit of 1700756?
7
What is the thousands digit of 1339137?
9
What is the hundred thousands digit of 355529?
3
What is the ten thousands digit of 848847?
4
What is the ten thousands digit of 507597?
0
What is the units digit of 444155?
5
What is the hundreds digit of 260687?
6
What is the hundreds digit of 3061981?
9
What is the hundred thousands digit of 14762316?
7
What is the hundreds digit of 257121?
1
What is the tens digit of 490306?
0
What is the ten thousands digit of 537019?
3
What is the tens digit of 1272279?
7
What is the ten thousands digit of 317429?
1
What is the millions digit of 3967739?
3
What is the hundreds digit of 334871?
8
What is the hundred thousands digit of 149328?
1
What is the hundred thousands digit of 6285653?
2
What is the tens digit of 2603188?
8
What is the units digit of 85107?
7
What is the tens digit of 17877240?
4
What is the hundred thousands digit of 251578?
2
What is the tens digit of 4902254?
5
What is the thousands digit of 913588?
3
What is the ten thousands digit of 4052243?
5
What is the tens digit of 253210?
1
What is the tens digit of 993266?
6
What is the millions digit of 1640145?
1
What is the units digit of 13084044?
4
What is the thousands digit of 215064?
5
What is the hundred thousands digit of 8435935?
4
What is the hundred thousands digit of 1506117?
5
What is the millions digit of 1308125?
1
What is the thousands digit of 832387?
2
What is the hundred thousands digit of 193321?
1
What is the tens digit of 1140